 + 10. List the prime factors of j(k).
2, 5
Let d be ((-1)/(-2))/((-8)/(-1984)). Suppose 0 = -v - 3*v + d. List the prime factors of v.
31
Suppose 4*h - 58 - 294 = 0. What are the prime factors of h?
2, 11
Let p = 12 + -3. Suppose -33 = 4*s - p. Let g = -3 - s. List the prime factors of g.
3
Let q be (-2)/6 - (-21)/9. What are the prime factors of 2 - -13 - 4/q?
13
Let v(s) = -30*s - 1. What are the prime factors of v(-2)?
59
List the prime factors of (1 - 1) + -26 + 105.
79
Let g(s) = 7*s - 4. Let y(k) = -7 - 2*k + 8*k + 3. Let n(j) = -5*g(j) + 6*y(j). List the prime factors of n(7).
3
Suppose 5*t = 10*t - 10. Suppose 0*j + t*u + 52 = 3*j, 5*j - 78 = -u. List the prime factors of j.
2
Suppose -5*j + 148 = 23. What are the prime factors of j?
5
Let q(b) = b - 1. Let n(l) = 6*l - 11. Let a(v) = n(v) - 5*q(v). List the prime factors of a(10).
2
Suppose -5*t + 84 + 46 = 0. Let r = -15 + t. What are the prime factors of r?
11
Let g be (0 + -2)/(1/(-2)). Suppose g*u = 16 + 20. List the prime factors of u.
3
Let r(b) = 2*b**2 - 11*b + 12. Let g be r(6). Suppose g - 138 = -3*q. What are the prime factors of q?
2, 5
Let f = 32 - -7. List the prime factors of f.
3, 13
Let z(b) = -6*b**3 + 4*b**2 + 3*b - 4. List the prime factors of z(-2).
2, 3
Let d be (6/(-3))/(0 - -2). Let l be (-2)/(d*(-6)/9). List the prime factors of l/3*1 - -10.
3
Suppose -k + 23 - 108 = -4*r, -5*r + k + 107 = 0. Suppose j = -j + r. List the prime factors of j.
11
Suppose -2*f + 3*k + 202 = 0, 21 = 4*k + 13. List the prime factors of f.
2, 13
Let c(m) = -m**2 - 3*m + 1. Let h = -9 + 5. Let d be c(h). Let w = d + 8. List the prime factors of w.
5
Let i be (-2 + 1)*1 + 6. Suppose u - 6*u = -t - 462, 0 = 2*u - 3*t - 190. Suppose -5*q - u = -4*l, -l + i*l + 3*q = 60. What are the prime factors of l?
2, 3
Let n be 1/(-3) - (-28)/(-6). Let m(j) = j + j**2 + 3*j - 1 + 4. What are the prime factors of m(n)?
2
Let c be (1 - 10)/(-3) - 2. List the prime factors of 10 - (6 - 3/c).
7
Suppose 5*k - 112 = -2*l, 4*l = 2*k - 4 - 36. Suppose k = 2*c + 4*p, c + p - 12 = -2*p. List the prime factors of c.
3
Suppose 0 = -c - 3*u + 19, -3*u + 5 = -c - 0*u. Suppose -c*m + 192 = -m. List the prime factors of m.
2
Suppose -3*k - 16 = 122. Let t = -24 - k. List the prime factors of t.
2, 11
Let y(r) = -r**2 - 6*r + 1. Let i(o) = -3*o**2 - 18*o + 3. Let n(k) = -6*i(k) + 17*y(k). List the prime factors of n(-7).
2, 3
List the prime factors of (-78)/9*(0 + -12).
2, 13
Let r(d) = 2*d**3 + 2*d**2 - d. Let l be r(1). Suppose 0 = -4*b + 3*x + 87, -3*x - x = b - 36. Suppose b = l*z + z. List the prime factors of z.
2, 3
Let t = -6 + 74. Suppose b + 16 = t. List the prime factors of b.
2, 13
Let b(a) = -a**2 - 24*a - 23. What are the prime factors of b(-11)?
2, 3, 5
Let p(q) = q**3 + 7*q**2 + 8*q + 6. Let b be p(-6). Let a be (-45)/6*4/b. Let t = a - 3. List the prime factors of t.
2
Let f(b) = -b**3 + 6*b**2 + 3*b - 4. Let d be f(7). Let w = -4 - d. List the prime factors of w.
2, 7
Suppose -5*v + 2*v - 654 = 0. Let h = -374 - v. List the prime factors of (-4)/22 - h/11.
2, 7
Let y = -27 - -163. What are the prime factors of y?
2, 17
Suppose 0 = -3*u - 2*s + 142, -3*u + 2*s = -8*u + 230. Suppose 0 = -w - f - 16, w + f = 5*w + u. What are the prime factors of 0/(0 + 2) - w?
2, 3
Let k = 20 - 14. Suppose -k + 2 = 2*g. List the prime factors of ((-6)/10)/(g/10).
3
Suppose 0 = 5*k - 12 + 2. What are the prime factors of (20/(-4) + k)*-2?
2, 3
Let n = -15 + 19. What are the prime factors of n?
2
Let x(g) = -g**2 - 4*g + 4. Let j be x(-4). Suppose j*y + 6 = y. Let a(p) = -4*p - 2. What are the prime factors of a(y)?
2, 3
Let k(v) = v + 1. Let w be k(9). Suppose -6*o = -o - w. Suppose 3*x = -5*d + 31, o*x - 46 = -5*d + 4*x. List the prime factors of d.
2
Suppose 6*u = -4*u + 1130. List the prime factors of u.
113
Let w(a) = 1 - 1 + 5 + a. Suppose f = 5*g - 22, 6*g - f - 18 = 2*g. List the prime factors of w(g).
3
Let k be (-2)/(-5) - (-36)/10. Let a(b) = 2*b - 6. Let l be a(k). Suppose 0 = -0*x - l*x - 2*f + 20, x - 3*f = 18. What are the prime factors of x?
2, 3
Suppose 4*n - 3*y + 2*y - 5 = 0, -5*n - y + 4 = 0. Suppose -20 = 6*d - 2*d. Let k = n - d. List the prime factors of k.
2, 3
Let r = -5 - -17. Suppose 0*l + 3*z = 3*l - r, -z - 8 = -2*l. Suppose -5*m + 49 = -2*m + l*g, -12 = -3*g. What are the prime factors of m?
11
Suppose -z = -5*z. Suppose -3*b - 4*w + 16 = z, -3 = -4*w + 1. List the prime factors of b.
2
Let o(d) = 4*d + 146. What are the prime factors of o(0)?
2, 73
Suppose -2*c - 3*c + 320 = 0. Let p = 98 - c. List the prime factors of p.
2, 17
Let y = -94 + 109. What are the prime factors of y?
3, 5
Let h(m) = 3*m**2 - 2*m**2 - 4*m**2 + 0*m**2 + m - 1 + 2*m**3. What are the prime factors of h(2)?
5
Suppose 3*p = -4 - 8. Let x be (-92)/(-6)*(-6)/p. Let a = x - 11. List the prime factors of a.
2, 3
Let x(o) = -4*o**2 + o - 3*o - o**3 - 4 + 5*o. Let s = 22 - 27. List the prime factors of x(s).
2, 3
Let h(c) = c**3 + 15*c**2 - 41*c + 25. List the prime factors of h(-17).
2, 3
Suppose -2*u = -7*u + 345. What are the prime factors of u?
3, 23
Suppose 0 = i - 2*w + 5*w - 17, -25 = -5*w. Suppose 3*x - 12 = 5*a, a = i*a + 3*x - 12. Suppose a = -3*d + 24 - 0. What are the prime factors of d?
2
Let s = 3 + -1. Let d(x) = -5 - 4*x + 5 - x**s. List the prime factors of d(-3).
3
Let o(f) = -f**3 + 6*f**2 - 6*f + 2. Let w be o(4). Suppose -n = 4*n - w. Suppose n*b + 0*b - 14 = 0. What are the prime factors of b?
7
Suppose 5*m = 5*p + 15, -3*m - 5*p = 11 + 4. Suppose m = -4*r + 11 + 1. Suppose r*q = -2*q + 25. What are the prime factors of q?
5
Suppose l + 3*n - 16 = 0, -4*n - 2 = -3*l + 7. List the prime factors of l.
7
Let v(c) = -c + 22. What are the prime factors of v(-5)?
3
Suppose 3*f - f - 6 = 0. Suppose 9 = f*c - 18. List the prime factors of c.
3
Suppose 5 = -y + 2*y. Suppose -313 = -y*k - 5*g + 4*g, 5*k + 2*g - 316 = 0. Suppose 3*z - 3*f = 57, -3*z + 5*f - f = -k. What are the prime factors of z?
2, 7
Suppose 0 = -6*a + 11*a - 110. Suppose h - 3*h - a = 3*f, -38 = 5*f + 2*h. List the prime factors of (-1)/2 + (-140)/f.
17
Let n be 1 - (-2 + -3 + 4). Suppose 0 = -5*p + n*y + 32, 5*p - 44 = -y - 0. What are the prime factors of p?
2
Let z be (-47 - 1)/((-6)/4). Suppose a - 3*f - 11 = f, 2*a + 2*f = z. Let o = -11 + a. What are the prime factors of o?
2
Suppose 5*q = 5*k - 555, 3*k + 3*q - 333 = -2*q. List the prime factors of k.
3, 37
Let r = 3 - -2. Let x(a) = r + a + 2 + 6. What are the prime factors of x(-7)?
2, 3
Suppose -2*p - 1 = -3*p. List the prime factors of (3 - (p - 37))/1.
3, 13
Let g(f) = -f**2 - f + 1. Let j(l) = -4*l**2 - 15*l - 10. Let d(v) = -3*g(v) + j(v). Let s be -9 - -2*(-2)/4. What are the prime factors of d(s)?
7
What are the prime factors of (-4 - -6) + (124 - 0)?
2, 3, 7
List the prime factors of -2 + 19 + -3 + -3.
11
Suppose 0*p = -4*p - 8. List the prime factors of 126/8 - p/8.
2
Suppose -45 = -0*f - 3*f. What are the prime factors of f?
3, 5
Suppose 5*x = 4*o - 361, 5*o + x - 4*x - 461 = 0. List the prime factors of o.
2, 47
Let y(u) = u**3 + 4*u**2 + 3*u + 2. List the prime factors of y(-3).
2
Suppose 2*i = 5*z - 25, z = 3*i - z + 10. Suppose i = -7*w + 8*w - 40. List the prime factors of w.
2, 5
Suppose -5*i = -2*h - 0*h + 15, -9 = 3*i - h. Let x(s) = -s**3 - 3*s**2 + 4. Let m be x(i). Suppose -5*l = m - 19. What are the prime factors of l?
3
Let g be (0 + -3)*4/6. Let f(w) be the first derivative of -w**4/4 + w - 4. What are the prime factors of f(g)?
3
Let o be (-2 - -5)/((-2)/6). Let n = o + 17. What are the prime factors of n?
2
List the prime factors of 6*1/1 + -4.
2
Let x(h) = h**3 - 2*h**2 - 5*h. Let l be x(4). Suppose 4*i + 46 = 22. Let k = l + i. List the prime factors of k.
2, 3
Suppose -4*g - 2*g = 12. Let p(c) = 4*c**2 + c + 4. What are the prime factors of p(g)?
2, 3
Suppose -4*h = 4, 2*h - 254 = -7*l + 5*l. What are the prime factors of l?
2
Let l = -8 + 6. List the prime factors of ((-13)/l)/(2/4).
13
Let h = -35 - -64. Let w = -21 + h. What are the prime factors of w?
2
Let a(i) = i + 5 - 13*i - 5*i**2 + i**3 - 6*i**2. Let r be a(12). Suppose 0 = -r*j + j + 12. List the prime factors of j.
3
Let a be ((-9)/6)/(3/(-8)). Suppose -20 = a*v, 33 = s - 0*s - 2*v. Let